ctors of n(c)?
2, 3
Suppose -6*o = -4*k - o + 179, k = 4*o + 53. Let b = 59 - k. List the prime factors of b.
2, 3
Suppose -9 = 5*m - 34. Suppose -x + 36 = -3*u, -106 = -m*x + 3*u + 50. List the prime factors of x.
2, 3, 5
Let w = 2 - -219. What are the prime factors of w?
13, 17
Suppose 0 = -5*o - 4*y - 26, 5*o + 7*y = 2*y - 30. List the prime factors of (-4)/(-12)*(-12)/o.
2
Suppose 0*z - 3*z = -12. Let d(c) = c + 8. What are the prime factors of d(z)?
2, 3
Suppose 4*h + 2*r - 62 = 0, 2*h = -0*h - 3*r + 21. Let t = h + -26. List the prime factors of (11/4)/((-2)/t).
11
Suppose 4*k - 14 - 18 = 0. What are the prime factors of k?
2
Let q = 3 + -7. Let k = 2 - 1. Let f = k - q. List the prime factors of f.
5
Let y = 588 - 326. What are the prime factors of y?
2, 131
Let z be 13/3 + 2/3. List the prime factors of (2/5)/(z/525).
2, 3, 7
Let f(p) = 6*p**2 + 3*p + 3. Let b be f(-3). List the prime factors of 4 + -1 + b/3.
19
Suppose -2*h + 94 = -60. What are the prime factors of h?
7, 11
Suppose 0 = -b - b - 16. What are the prime factors of (-49)/(-4) - (-2)/b?
2, 3
Suppose -280 = 4*t - 9*t. What are the prime factors of t?
2, 7
Suppose -4*p + p = -4*z + 126, -2*z + p + 62 = 0. Suppose 0*q - z = -q. Suppose -4*t + 2*i = -2, -4*t - 3*i = t - q. List the prime factors of t.
3
Suppose 0 = -3*a + 4*j + 10, -2*j + 10 = 5*a + 2. Let y(f) = -2*f**2 - 1. Let p be y(a). What are the prime factors of 1/3 - 78/p?
3
Let a(p) = p**3 + 12*p**2 - 14*p + 4. List the prime factors of a(-13).
17
Suppose -4*p = 4*o - 0*p - 276, 5*o - 347 = -4*p. What are the prime factors of o?
71
Suppose -4*m + 11 = -821. List the prime factors of m.
2, 13
Let y be 0*2/(-4)*1. Suppose y = -0*q - 2*q + 24. List the prime factors of q.
2, 3
Let a(q) = -q**2 + 5*q. What are the prime factors of a(4)?
2
Let w(y) = -24*y**3 + 2*y**2 + y. Let i be 1/(-4) - (-3)/(-4). What are the prime factors of w(i)?
5
Let j be (2 - (1 - 1)) + 0. Suppose 6*h - j*h + 56 = 0. What are the prime factors of (h/4 + 0)*-2?
7
Let r(i) = -i**2 + 9*i + 5. Let d be r(9). Let b be 13/d + 10/25. Suppose 18 = 3*f + 5*n, -6*f + b*f + 3*n + 18 = 0. List the prime factors of f.
2, 3
Let v = 11 - -1. List the prime factors of 1 + -1 + v/3.
2
Let v be -8*(10/(-8))/1. Let q be (4/6)/(v/45). Let p(m) = m. List the prime factors of p(q).
3
Let b(v) = 43*v - 22. What are the prime factors of b(8)?
2, 7, 23
Suppose -4*a + 5*n + 33 = 0, 5*a + 5*n - 6 + 21 = 0. Let z(d) = 2 + 2*d**3 + 5*d - d**3 + 3*d**2 + 0*d**3 - a*d**3. What are the prime factors of z(4)?
2, 3
Let q be 1 + 1 + 9/3. Suppose 36 = -4*m - 4*u, -m + 0*m = 5*u + q. What are the prime factors of (5 + -4)/((-2)/m)?
5
Let d be 5/25 - (-7751)/(-5). List the prime factors of (-4)/22 - d/55.
2, 7
Let p(s) = s**3 + 6*s**2 + 6*s + 3. Let c(h) = h**2 + 6*h + 1. Let b be c(-5). What are the prime factors of p(b)?
11
Suppose 5*z - g = g - 12, -4*g = z + 20. Let h(b) = -6*b - 4. List the prime factors of h(z).
2, 5
Let c be 8/(-6)*-15 + -1. Let s = c + -9. What are the prime factors of s?
2, 5
Suppose -4*f + 88 = 4*k, -3*k + 66 = -0*f - 3*f. List the prime factors of k.
2, 11
Let z(w) = -w**2 + 12*w + 12. What are the prime factors of z(10)?
2
Suppose m = -3*m + 80. What are the prime factors of m?
2, 5
Let o(n) = n**3 + 5*n**2 - 2*n - 3. Let i be o(-5). Let k = i - -2. List the prime factors of k.
3
Let s = 425 + -175. What are the prime factors of s?
2, 5
Suppose 0 = 3*c - 4*a - a - 165, 315 = 5*c + 5*a. Let b = -28 + c. What are the prime factors of b?
2
Suppose j + 2*p = 255, -p = 3*j - 6*p - 809. List the prime factors of j.
263
Let z(j) = -9*j. Let v = 2 + -1. Let q be z(v). List the prime factors of 8 + (-3)/(q/6).
2, 5
Let m(l) = -2*l**3 - 4*l**2 + 8*l - 5. What are the prime factors of m(-5)?
3, 5, 7
Suppose 2*y + 5*l + 23 = -y, 4*y - 2*l = 4. What are the prime factors of (-1)/(y*(-2)/(-6))?
3
Suppose -1 = 4*i - 41. Suppose -y - 3*y + 5*h + 33 = 0, 3*h + 19 = 2*y. Suppose -i = -4*t - y. What are the prime factors of t?
2
Let u(t) = t**2 - 13*t + 15. List the prime factors of u(13).
3, 5
Suppose 0*p - 30 = -5*p. Let m be (p/10)/(4/20). Suppose -4*t = -m*h - 35, 3*t + 4*h + h = 19. List the prime factors of t.
2
Suppose -1 + 3 = u, z = 5*u - 8. Suppose z*t = -t + 12. List the prime factors of t.
2
Suppose -2*g - 3*r + 168 - 9 = 0, -328 = -4*g + 4*r. What are the prime factors of g?
3
Let g(h) = -h**3 + 10*h**2 - 9*h. Let o be g(9). Suppose -a - 5*l + 37 = o, 4*l + 54 = a + 2*a. What are the prime factors of a?
2, 11
Suppose -8 = -2*l + 8. List the prime factors of l.
2
Let p(w) = 2*w**2 - 6*w + 23. List the prime factors of p(9).
131
Suppose -4*i = 5*k - 19, -5 = -4*i - 1. Suppose 0 = -k*t + t + 80. List the prime factors of t/(-6)*(-15)/5.
2, 5
Suppose 2*s - 4*s = -2*d - 84, 0 = s - 4*d - 27. List the prime factors of s.
47
Let s(a) = a**2 - 5*a - 5. What are the prime factors of s(14)?
11
Let j = -127 - -320. List the prime factors of j.
193
Let h(x) = -x**2 - 8*x - 1. Let d be h(-4). Let v be (d/(-9) + 2)*9. Suppose 9 = 3*u - 4*m, 2*m - 9 = -2*u - v. List the prime factors of u.
3
Let i(y) = y**3 - 7*y**2. Let f be i(7). List the prime factors of f + 2*(-15)/(-3).
2, 5
Let p = 27 + 9. What are the prime factors of p?
2, 3
Let j = -29 - -3. Let r = -9 - j. Let w = r - 8. List the prime factors of w.
3
Let d = 150 - 45. What are the prime factors of d?
3, 5, 7
Let a(f) = -f**2 + 11*f + 2. Let y be ((-27)/(-12))/((-1)/(-4)). List the prime factors of a(y).
2, 5
Suppose -2*m = 3*m - 70. List the prime factors of m.
2, 7
Let z = -1 + 2. Let n be z/(-2)*(-8 + -2). Suppose n*r - r - 13 = -t, -5*t = 15. List the prime factors of r.
2
Let q = 9 + 41. What are the prime factors of q?
2, 5
Let l(s) = 4*s**2 + 13*s - 6. What are the prime factors of l(4)?
2, 5, 11
Let v be (2/(-6))/((-2)/132). Let m = -16 + v. What are the prime factors of m?
2, 3
What are the prime factors of ((-143)/(-13))/((-2)/(-10))?
5, 11
Suppose -4*z + 68 = 4*q - 12, 4*q - 108 = 3*z. Let r = 60 - q. What are the prime factors of r?
2, 3
Let x be 6/(-27) + (-542)/(-9). Let i be (-3)/((-22)/8 + 2). Suppose 0*g + i*g - x = 0. What are the prime factors of g?
3, 5
List the prime factors of 5/15*(307 + -4).
101
Suppose 4*j + 4*r = 120, 0*r + 16 = 4*r. List the prime factors of j.
2, 13
Let c(m) = 16*m + 1. Let a(h) = -h. Let y(f) = -5*a(f) - c(f). List the prime factors of y(-2).
3, 7
Let t = -4 - -9. Suppose 0 = -t*m + m + 28. What are the prime factors of m?
7
Let g(t) be the third derivative of t**5/60 + t**4/12 - 7*t**3/6 + 2*t**2. List the prime factors of g(-5).
2
Let j(l) be the first derivative of l**3/3 - l**2/2 + 2*l + 5. What are the prime factors of j(2)?
2
Suppose 0 = -5*w - 3*q - 2, -4*w - 6*q - 12 = -q. Let x = w - 4. Let m = x + 10. What are the prime factors of m?
2
Let v(i) = 2*i - 1. Let u = 2 - 1. Suppose 0 = 3*d + u - 7. List the prime factors of v(d).
3
What are the prime factors of (9/(-6))/((-9)/372)?
2, 31
Suppose 4*i + 195 = 9*i. List the prime factors of i.
3, 13
Let f = -88 - -158. What are the prime factors of f?
2, 5, 7
Let u(p) = 4*p**3 - 5*p**2 + 6*p - 9. List the prime factors of u(4).
191
Suppose z + 2*y = 7*y - 20, -5*z = 2*y - 35. What are the prime factors of z?
5
List the prime factors of 34 - ((-12)/(-3) - 0).
2, 3, 5
Let s(h) = h**3 - 4*h**2 - 8*h + 9. What are the prime factors of s(6)?
3, 11
Suppose 0 = z - 3*z + 12. Suppose -4*u - 15 = -u. Let n = z - u. What are the prime factors of n?
11
Suppose -3*b = -5 - 1. Suppose -143 = 5*c - 2*j, -2*j = b*j - 16. Let x = c + 45. What are the prime factors of x?
2, 3
Let n = -7 - -4. Let j be (-1 - 93/(-9))*n. What are the prime factors of j/(4/(-6)*3)?
2, 7
List the prime factors of ((-2)/(-4))/(8/288).
2, 3
Let z(y) = -y**3 + y - 8. Let h be z(0). Let g = h - -12. Suppose f = -g*b + 37, 3*f + 12 = -f. What are the prime factors of b?
2, 5
Let b(i) be the third derivative of -1/6*i**3 + 0 + 1/60*i**5 + 1/24*i**4 - 2*i**2 + 1/120*i**6 + 0*i. List the prime factors of b(1).
2
Let n(q) = 0*q - 3 - 1 + q. Let v be n(6). Let x(y) = 2*y**2 + y - 2. List the prime factors of x(v).
2
Let g = -5 + 8. Let o be (g/6)/((-3)/(-234)). Suppose -v - o = -4*v. List the prime factors of v.
13
Let d = 345 + -184. List the prime factors o